 the ten thousands digit of 6438323?
3
What is the hundred thousands digit of 3656991?
6
What is the ten millions digit of 10394209?
1
What is the hundreds digit of 5705745?
7
What is the thousands digit of 9660275?
0
What is the ten thousands digit of 83335?
8
What is the units digit of 492149?
9
What is the thousands digit of 2571782?
1
What is the ten thousands digit of 50201?
5
What is the tens digit of 3002045?
4
What is the millions digit of 7015154?
7
What is the thousands digit of 5393494?
3
What is the thousands digit of 4589371?
9
What is the hundreds digit of 582896?
8
What is the thousands digit of 23071048?
1
What is the tens digit of 417937?
3
What is the ten thousands digit of 8364192?
6
What is the thousands digit of 676390?
6
What is the units digit of 9529638?
8
What is the ten thousands digit of 696229?
9
What is the tens digit of 411526?
2
What is the thousands digit of 1474327?
4
What is the thousands digit of 11115273?
5
What is the hundreds digit of 229805?
8
What is the units digit of 124016?
6
What is the tens digit of 15186915?
1
What is the millions digit of 8769066?
8
What is the ten thousands digit of 245631?
4
What is the hundred thousands digit of 3866219?
8
What is the hundreds digit of 203986?
9
What is the thousands digit of 16377023?
7
What is the ten millions digit of 15267865?
1
What is the thousands digit of 1199563?
9
What is the hundreds digit of 282163?
1
What is the hundreds digit of 64860?
8
What is the units digit of 415724?
4
What is the thousands digit of 737153?
7
What is the millions digit of 1468122?
1
What is the hundreds digit of 31046?
0
What is the units digit of 8722490?
0
What is the hundred thousands digit of 5965363?
9
What is the hundreds digit of 832062?
0
What is the thousands digit of 224028?
4
What is the units digit of 1562983?
3
What is the tens digit of 224930?
3
What is the hundred thousands digit of 19406038?
4
What is the tens digit of 1432368?
6
What is the hundreds digit of 426311?
3
What is the tens digit of 4282883?
8
What is the tens digit of 7823052?
5
What is the hundreds digit of 602812?
8
What is the hundreds digit of 114316?
3
What is the hundred thousands digit of 17454563?
4
What is the tens digit of 23062?
6
What is the units digit of 381105?
5
What is the ten thousands digit of 113325?
1
What is the thousands digit of 350708?
0
What is the hundred thousands digit of 3314908?
3
What is the thousands digit of 20317087?
7
What is the thousands digit of 232558?
2
What is the millions digit of 2780140?
2
What is the hundred thousands digit of 376931?
3
What is the thousands digit of 142755?
2
What is the thousands digit of 1325454?
5
What is the ten thousands digit of 380251?
8
What is the units digit of 1768197?
7
What is the ten thousands digit of 618932?
1
What is the thousands digit of 909784?
9
What is the hundreds digit of 555136?
1
What is the ten thousands digit of 939458?
3
What is the tens digit of 526481?
8
What is the millions digit of 1014573?
1
What is the hundred thousands digit of 12889062?
8
What is the hundreds digit of 133049?
0
What is the millions digit of 2089044?
2
What is the units digit of 41320?
0
What is the units digit of 8679292?
2
What is the hundreds digit of 511652?
6
What is the hundreds digit of 329841?
8
What is the thousands digit of 95362?
5
What is the hundreds digit of 226754?
7
What is the hundred thousands digit of 17496438?
4
What is the thousands digit of 983138?
3
What is the tens digit of 1157997?
9
What is the ten millions digit of 16311063?
1
What is the tens digit of 505963?
6
What is the hundreds digit of 7928218?
2
What is the hundreds digit of 70014?
0
What is the tens digit of 22516?
1
What is the hundreds digit of 7252690?
6
What is the thousands digit of 333396?
3
What is the units digit of 5036848?
8
What is the tens digit of 475071?
7
What is the ten thousands digit of 7628740?
2
What is the units digit of 36104099?
9
What is the ten thousands digit of 330778?
3
What is the tens digit of 2631294?
9
What is the millions digit of 4185645?
4
What is the hundreds digit of 22082?
0
What is the thousands digit of 274136?
4
What is the units digit of 224592?
2
What is the hundred thousands digit of 15105573?
1
What is the thousands digit of 4334322?
4
What is the hundred thousands digit of 850534?
8
What is the tens digit of 683124?
2
What is the millions digit of 1293643?
1
What is the hundred thousands digit of 465110?
4
What is the millions digit of 19715490?
9
What is the thousands digit of 163969?
3
What is the thousands digit of 180933?
0
What is the hundreds digit of 546994?
9
What is the units digit of 2792853?
3
What is the units digit of 8938953?
3
What is the ten millions digit of 17315679?
1
What is the thousands digit of 818128?
8
What is the thousands digit of 3539607?
9
What is the thousands digit of 15839855?
9
What is the hundred thousands digit of 19513019?
5
What is the thousands digit of 9652420?
2
What is the thousands digit of 2732089?
2
What is the ten thousands digit of 534584?
3
What is the thousands digit of 1269893?
9
What is the hundreds digit of 2504010?
0
What is the hundred thousands digit of 596681?
5
What is the hundreds digit of 47269?
2
What is the hundred thousands digit of 3742490?
7
What is the hundred thousands digit of 1178154?
1
What is the tens digit of 828561?
6
What is the hundreds digit of 61687?
6
What is the thousands digit of 1084125?
4
What is the thousands digit of 1545625?
5
What is the hundred thousands digit of 3996409?
9
What is the tens digit of 209501?
0
What is the hundred thousands digit of 352604?
3
What is the hundreds digit of 4557934?
9
What is the units digit of 171325?
5
What is the hundred thousands digit of 786771?
7
What is the hundred thousands digit of 14551968?
5
What is the millions digit of 1444614?
1
What is the tens digit of 1026968?
6
What is the thousands digit of 2565006?
5
What is the tens digit of 6208616?
1
What is the hundreds digit of 684871?
8
What is the millions digit of 21058316?
1
What is the units digit of 2071480?
0
What is the hundreds digit of 1703449?
4
What is the tens digit of 1287477?
7
What is the ten thousands digit of 461606?
6
What is the units digit of 598230?
0
What is the tens digit of 372808?
0
What is the hundreds digit of 4381725?
7
What is the hundred thousands digit of 576611?
5
What is the tens digit of 437014?
1
What is the hundreds digit of 75655?
6
What is the units digit of 881064?
4
What is the units digit of 51812?
2
What is the ten thousands digit of 116973?
1
What is the thousands digit of 296155?
6
What is the units digit of 1152947?
7
What is the millions digit of 1216350?
1
What is the units digit of 9679?
9
What is the thousands digit of 77374?
7
What is the units digit of 26354031?
1
What is the thousands digit of 44611?
4
What is the hundreds digit of 2082291?
2
What is the hundred thousands digit of 7969917?
9
What is the millions digit of 24843458?
4
What is the hundreds digit of 764060?
0
What is the ten thousands digit of 1721091?
2
What is the tens digit of 4197897?
9
What is the hundreds digit of 6815129?
1
What is the ten thousands digit of 2726254?
2
What is the hundred thousands digit of 13050570?
0
What is the tens digit of 10656294?
9
What is the ten thousands digit of 14577294?
7
What is the millions digit of 12851884?
2
What is the hundred thousands digit of 4097770?
0
What is the hundreds digit of 2094075?
0
What is the millions digit of 2145854?
2
What is the hundred thousands digit of 2527358?
5
What is the hundreds digit of 4503?
5
What is the hundred thousands digit of 359217?
3
What is the units digit of 454065?
5
What is the units digit of 688673?
3
What is the ten thousands digit of 128384?
2
What is the ten millions digit of 14928841?
1
What is the units digit of 372441?
1
What is the thousands digit of 3009339?
9
What is the ten millions digit of 16097969?
1
What is the millions digit of 1454861?
1
What is the thousands digit of 103190?
3
What is the tens digit of 271396?
9
What is the thousands digit of 21890?
1
What is the units digit of 2752291?
1
What is the units digit of 979877?
7
What is the hundreds digit of 816066?
0
What is the tens digit of 1879551?
5
What is th